11, 20903
What are the prime factors of 251931784?
2, 13, 2422421
What are the prime factors of 16181874?
2, 3, 857, 1049
What are the prime factors of 4818441697?
4818441697
What are the prime factors of 133801970?
2, 5, 59, 226783
List the prime factors of 882588890.
2, 5, 23, 166841
List the prime factors of 1360993272.
2, 3, 773, 73361
List the prime factors of 34913661.
3, 11637887
What are the prime factors of 1659085382?
2, 829542691
What are the prime factors of 5835996099?
3, 887, 731053
List the prime factors of 7842994.
2, 3921497
What are the prime factors of 162949307?
137, 163, 7297
List the prime factors of 6124112846.
2, 41, 74684303
List the prime factors of 197097672.
2, 3, 23, 53, 6737
What are the prime factors of 12805233?
3, 7, 17, 35869
What are the prime factors of 55134213?
3, 17, 31, 43, 811
List the prime factors of 552816248.
2, 19, 1741, 2089
List the prime factors of 39593519.
7, 89, 1297
What are the prime factors of 199155569?
107, 1861267
What are the prime factors of 64835632?
2, 31, 67, 1951
What are the prime factors of 3041086423?
3041086423
List the prime factors of 621642612.
2, 3, 521, 99431
List the prime factors of 101945928.
2, 3, 7, 239, 2539
What are the prime factors of 55000526?
2, 7, 43, 211, 433
What are the prime factors of 20353513?
1601, 12713
List the prime factors of 5343862.
2, 2671931
What are the prime factors of 168529934?
2, 97, 251, 3461
What are the prime factors of 517347343?
401, 1290143
What are the prime factors of 436785761?
181, 233, 10357
List the prime factors of 798954535.
5, 159790907
What are the prime factors of 543005490?
2, 3, 5, 683, 26501
What are the prime factors of 12463311?
3, 7, 593491
What are the prime factors of 360443943?
3, 173, 181, 1279
What are the prime factors of 92580703?
149, 621347
What are the prime factors of 868484179?
868484179
What are the prime factors of 2100468016?
2, 53, 2476967
List the prime factors of 612754113.
3, 3467, 58913
What are the prime factors of 113951247?
3, 43, 883343
List the prime factors of 3396602.
2, 11, 61, 2531
List the prime factors of 715857738.
2, 3, 59, 173, 11689
What are the prime factors of 650776355?
5, 2267, 57413
What are the prime factors of 14066411?
163, 86297
What are the prime factors of 1616351171?
1616351171
What are the prime factors of 2041264327?
2389, 854443
List the prime factors of 20263834.
2, 61, 163, 1019
What are the prime factors of 46100547?
3, 883, 5801
List the prime factors of 268484215.
5, 653, 82231
List the prime factors of 116901059.
11, 29, 366461
List the prime factors of 2584732205.
5, 11, 4597, 10223
List the prime factors of 461024608.
2, 11, 1109, 1181
What are the prime factors of 54787120?
2, 5, 331, 2069
List the prime factors of 3750928896.
2, 3, 11, 13, 17077
What are the prime factors of 104282284?
2, 17, 47, 67, 487
List the prime factors of 94344587.
71, 1328797
What are the prime factors of 19229941?
17, 193, 5861
List the prime factors of 66148932.
2, 3, 271, 20341
What are the prime factors of 75640221?
3, 8404469
List the prime factors of 225407062.
2, 151, 223, 3347
What are the prime factors of 465100390?
2, 5, 811, 57349
List the prime factors of 2454513767.
107, 22939381
List the prime factors of 334763284.
2, 83690821
List the prime factors of 746745895.
5, 7, 21335597
What are the prime factors of 98878409?
7, 17, 830911
What are the prime factors of 6102292969?
37, 164926837
What are the prime factors of 200679623?
23, 29, 300869
What are the prime factors of 369338074?
2, 7, 19, 89, 15601
List the prime factors of 3202139519.
127, 25213697
List the prime factors of 18612795.
3, 5, 79, 113, 139
List the prime factors of 55581549.
3, 18527183
What are the prime factors of 1561710654?
2, 3, 7, 61, 29027
What are the prime factors of 296044281?
3, 13, 239, 3529
List the prime factors of 1167898704.
2, 3, 7, 3475889
List the prime factors of 3456142255.
5, 337, 2051123
What are the prime factors of 227153063?
283, 802661
What are the prime factors of 88197529?
7, 37, 503, 677
What are the prime factors of 171554313?
3, 7, 8169253
What are the prime factors of 364469319?
3, 251, 161341
List the prime factors of 213815304.
2, 3, 37, 83, 967
List the prime factors of 104984244.
2, 3, 37, 269, 293
What are the prime factors of 1534163799?
3, 7, 2003, 36473
What are the prime factors of 152330145?
3, 5, 11, 71, 13003
List the prime factors of 2471880082.
2, 7, 176562863
What are the prime factors of 3143396755?
5, 628679351
List the prime factors of 4708536013.
131, 35943023
List the prime factors of 45852483.
3, 15284161
What are the prime factors of 36560122?
2, 277, 65993
What are the prime factors of 425320751?
1327, 320513
What are the prime factors of 99900571?
109, 383, 2393
List the prime factors of 1090671176.
2, 7, 17, 41, 27943
List the prime factors of 35541015.
3, 5, 83, 28547
What are the prime factors of 63929688?
2, 3, 29, 31, 2963
List the prime factors of 72857894.
2, 19, 1917313
What are the prime factors of 10550467?
10550467
List the prime factors of 4943441699.
7, 706205957
What are the prime factors of 893211584?
2, 19, 734549
List the prime factors of 1447544481.
3, 3371, 143137
What are the prime factors of 17072690?
2, 5, 79, 21611
What are the prime factors of 1753699922?
2, 13, 359, 187883
What are the prime factors of 6336911176?
2, 21341, 37117
What are the prime factors of 976339205?
5, 2851, 68491
What are the prime factors of 215855037?
3, 41, 64997
List the prime factors of 38969939.
29, 1343791
What are the prime factors of 37442529?
3, 4160281
What are the prime factors of 7579589861?
30029, 252409
What are the prime factors of 322457036?
2, 11, 47, 241, 647
What are the prime factors of 2341689766?
2, 13, 71, 73, 17377
What are the prime factors of 3532267501?
7, 8111, 62213
List the prime factors of 628068781.
2309, 272009
List the prime factors of 41441783.
29, 1429027
List the prime factors of 4092675119.
13, 97, 3245579
What are the prime factors of 337552910?
2, 5, 1997, 16903
List the prime factors of 128045726.
2, 2207, 29009
List the prime factors of 462343934.
2, 13, 17, 37, 1663
What are the prime factors of 159245887?
159245887
List the prime factors of 1177917913.
17, 179, 269, 1439
What are the prime factors of 2455229956?
2, 613807489
List the prime factors of 237399390.
2, 3, 5, 17, 51721
List the prime factors of 6329689.
6329689
List the prime factors of 7307768768.
2, 37, 61, 50591
What are the prime factors of 68185975?
5, 11, 13, 19073
List the prime factors of 67261736.
2, 211, 39847
List the prime factors of 2276438220.
2, 3, 5, 7, 1806697
What are the prime factors of 94675586?
2, 47337793
What are the prime factors of 186206867?
7, 11, 73, 157, 211
List the prime factors of 459285828.
2, 3, 151, 253469
What are the prime factors of 96209179?
11, 19, 349, 1319
What are the prime factors of 43884629?
43884629
What are the prime factors of 1492553792?
2, 23321153
List the prime factors of 35003949.
3, 67, 174149
What are the prime factors of 262276731?
3, 17, 571409
What are the prime factors of 5988471333?
3, 13, 153550547
What are the prime factors of 465025242?
2, 3, 11, 17, 414461
List the prime factors of 44057255.
5, 11, 109, 7349
What are the prime factors of 2785528?
2, 348191
What are the prime factors of 91982753?
91982753
List the prime factors of 21155800.
2, 5, 139, 761
What are the prime factors of 83019094?
2, 19, 53, 41221
What are the prime factors of 10984017?
3, 11, 30259
List the prime factors of 112105984.
2, 347, 631
List the prime factors of 322643190.
2, 3, 5, 43, 67, 3733
What are the prime factors of 101844?
2, 3, 23, 41
List the prime factors of 3158804544.
2, 3, 7, 17, 23, 6011
What are the prime factors of 1509739878?
2, 3, 251623313
List the prime factors of 14050935.
3, 5, 29, 37, 97
List the prime factors of 115692216.
2, 3, 19, 53, 4787
What are the prime factors of 613823636?
2, 37, 4147457
List the prime factors of 591351616.
2, 71, 181, 719
What are the prime factors of 5661556926?
2, 3, 47, 4373, 4591
What are the prime factors of 276679644?
2, 3, 41, 562357
List the prime factors of 48212995.
5, 9642599
List the prime factors of 715188100.
2, 5, 11, 733, 887
What are t